 + 2 - v. Determine h(5).
-5
Let g(j) = -j**2 - 3*j + 4. Let d(v) = v - 1. Let q(z) = 2*d(z) + g(z). Suppose 3*b = 4*b - 2. Determine q(b).
-4
Suppose 2*x + 16 = 5*c, x - 2*c + 10 = c. Let a(v) = 0*v**x - 2*v**3 + v**2 - 1 + 0*v**2. Let m(p) = p**3 - 30*p**2 + 29*p - 1. Let g be m(29). Give a(g).
2
Let c(v) be the third derivative of -v**6/120 - v**3/3 - 29*v**2. Give c(0).
-2
Suppose -14*f = -16*f + 6. Let y(j) = -2 + 0 + 0*j + j. Give y(f).
1
Let p(r) = -3*r**2 + 5*r + 3. Let y(m) = 2*m**2 - 3*m - 1. Let b(v) = 3*p(v) + 5*y(v). Let t(d) = -d**2 + 7*d - 6. Let q be t(6). What is b(q)?
4
Let j(m) be the second derivative of -m**4/12 + m**3/3 + m**2/2 + m. Calculate j(5).
-14
Suppose -4*b = -4*j + 18 + 2, 5*b = 4*j - 25. Let z(q) = q + 3. Let d be z(3). Let m(t) = d*t + 13*t**2 - 1 - 1 - 12*t**2. Give m(b).
-7
Let s = 0 + -1. Let g(o) = o + 1. Let w(f) = f**3 + 3*f + 4. Let d(u) = s*w(u) + g(u). Give d(-2).
9
Let c(u) be the first derivative of u**4/4 + u**3/3 - 5*u**2/2 - 4*u + 1. Let w(f) = -2*f - 5 + 3 + 6*f + 3. Let m be w(-1). What is c(m)?
-7
Let s(b) = -2 - 2 + 0 - b + 4*b. Let v(h) = 1. Let t(r) = -s(r) - 4*v(r). Let m = -1 + -1. Determine t(m).
6
Let q = 19 + -16. Suppose -4*s + 20 = 2*o, 5*o - 3*s + q = 1. Let j(u) = -3*u - 1. What is j(o)?
-7
Let y(o) = 12*o + 1. Let p(x) = 2*x + 2. Let c be p(2). Let f(k) = -8*k + 1 + 4 - c. Let q(t) = 8*f(t) + 5*y(t). Calculate q(-2).
5
Let y be 14/21 + 4/3. Let t(n) = 2*n**2 - 6*n**y + n**2 - n - n**3 + 0 + 1. Determine t(-3).
4
Let b(p) = 5*p**2 + p. Suppose 0 = 2*a + 6, g + 4*a + 10 = -0*g. Suppose -h - 2 = -5*v, 3*v - 3 = g*h - 6. Give b(v).
6
Let x(i) = 2*i - 4. Let q = 195 - 202. Determine x(q).
-18
Let g(q) = q**2 + 9*q + 6. Let m be g(-9). Suppose r + r = m. Let v(a) = 5 + a**3 - a - 2*a**2 - 2*a**r + 6*a**2. What is v(4)?
1
Let p(a) be the third derivative of -a**6/120 + a**5/20 - a**4/8 + a**3/2 + 4*a**2. Suppose -12 + 0 = -4*b. Calculate p(b).
-6
Let a(z) be the first derivative of z**4/4 - 2*z**3/3 + 2*z - 1. Suppose x = 6 - 3. Calculate a(x).
11
Let f(a) = -5*a**3 - 11*a**2 - a - 4. Let z(j) = j**3 + j**2 - j + 1. Let x(u) = f(u) + 4*z(u). Determine x(-5).
-25
Let q = 1 + 1. Suppose -3*z + y + 10 = 0, -q*y = 2*z + 2*y - 16. Suppose z*k + s = -11, -2*s + 0 + 22 = -3*k. Let v(i) = -i - 4. Calculate v(k).
0
Let n(b) = b - 3. Let j be n(2). Suppose 20 = 4*f + 4*w, 0 = 5*f - 3*w - 14 - 19. Let z be f/(-3) + j + 2. Let s(u) = 4*u**3 - 2*u - 1. Determine s(z).
-3
Let z(q) = q**2 + q - 1. Let s(d) = -d**3 - 3*d**2 - 3*d + 7. Let f(t) = s(t) + 6*z(t). Let x = 24 - 14. Let b = -7 + x. Determine f(b).
10
Suppose -r = -4 - 2. Let k(z) = 2*z - 6. Determine k(r).
6
Let h(w) = w - 2. Let p(b) = -b + 7. Let c be p(4). Let u be 3*c/27*0. Give h(u).
-2
Let q(d) be the second derivative of -d**4/24 + 2*d**3/3 + 5*d**2/2 + 2*d. Let f(u) be the first derivative of q(u). Calculate f(-4).
8
Let q(l) = 2*l**2 + 12*l + 11. Let k(v) = 3*v**2 + 18*v + 17. Let c(r) = -5*k(r) + 8*q(r). Give c(-5).
-2
Let f(u) = -3*u**2 - 11*u + 6. Let w(d) = -d**2 - d. Let n(j) = f(j) - 4*w(j). Let k be 2/(-8) + 50/8. Give n(k).
0
Let u(o) = -7*o**2. Let r be ((-2)/6)/(4/(-12)). Let m = r - 0. What is u(m)?
-7
Let z(p) = -p**2 + 4*p + 1. Suppose l - 13 = 3*q, 54 = 5*l + 2*q + 6. Suppose -3*h + 2*h - l = 0. Let j be (-1)/(h/4 + 2). What is z(j)?
5
Let m(r) = 2*r + 3. Let o(k) = -k. Let b(w) = w - 1. Let l(v) = 2*b(v) + 3*o(v). Let d(a) = -5*l(a) - 4*m(a). Let f be d(1). Let n(t) = -2*t - 5. Give n(f).
5
Let n(f) = 4*f**2 - 2*f - 2. Suppose -3*a - 5*y = -0*a + 9, 3*a - 18 = 4*y. Determine n(a).
10
Suppose -12*f + 2*f = -50. Let c(m) = -m**2 + 3*m - 3. Determine c(f).
-13
Let x(b) = 4*b + 5*b**2 - b**2 - 3*b**2. Let j = 14 - 27. Let t = 9 + j. What is x(t)?
0
Let m = 16 + -11. Suppose -m*o = -25, 4*u + 5*o - 6*o - 7 = 0. Let p(f) = -f + 3. Calculate p(u).
0
Let l(h) be the second derivative of -5*h**3/3 + h**2/2 + h. Suppose -4*m = 4, -3*i + 2*m - 2 = -1. What is l(i)?
11
Let v(l) = l**3 + l - 5. Suppose -5*x + 7*i - 2*i = -25, -4*x = 2*i - 2. Suppose -2*h + 5*h + 3 = 0, 0 = -x*d + h + 1. Give v(d).
-5
Let m = 1 - -2. Suppose -8 = -k + m*k. Let z(v) be the third derivative of -v**5/60 - 7*v**4/24 - 5*v**3/6 - 2*v**2. Give z(k).
7
Let b(j) = j**2 + 2. Let g be b(0). Suppose 4*v + 6 = 4*w + g*v, 5*v = -3*w - 2. Let x(h) = 10*h**3 - 2*h**2 + h. Determine x(w).
9
Let g = -163 + 167. Let a(x) be the first derivative of -x**4/4 + 5*x**3/3 - x**2 - 5*x - 1. Calculate a(g).
3
Let z be (3/(-2))/((-12)/16). Let d(m) = 3 - 2 - z + m. Determine d(1).
0
Let c = 14 + -10. Let m(z) be the first derivative of z**2/2 - 3*z - 20. Give m(c).
1
Let d = 16 + -12. Let c(q) be the second derivative of q**4/12 - 5*q**3/6 + 2*q**2 + 5*q. Calculate c(d).
0
Let l be 3/((6/4)/1). Let d(k) = 3 - k**l + 1 - k - 5. Let a(t) = 2*t**2 + t + 3. Let z(n) = -a(n) - 3*d(n). Give z(-4).
8
Let d(j) = -5*j**3 + 7*j - 2*j - 4*j + j**2. What is d(-1)?
5
Let o(j) = -4*j**2 - 8*j**2 - 4 + 3. Give o(1).
-13
Let z = -3 - 2. Let w(j) be the second derivative of j**4/12 + j**3 + 7*j**2/2 + 3*j. Give w(z).
2
Let h = -6 + 8. Let y(d) = -d**2 - 4*d. Let x be y(-3). Let c(f) = -x + f - f + 2*f. Determine c(h).
1
Suppose 24 = 4*b + 3*z + z, -4*b + 3*z = -3. Let g(l) be the first derivative of l**2 + 1/4*l**4 + 6*l - 2 - 2*l**b. Give g(5).
-9
Let r(x) = -x + 7. Let v(y) = y**2 - 3. Let f be v(3). Determine r(f).
1
Let x(l) = 0*l + l**3 + 0*l + 10*l**2 + l + 6*l + 11. Give x(-9).
29
Let l(b) = -b - 1. Suppose 3*f + 22 = 1. Let m = -13 - f. Give l(m).
5
Let z(j) be the third derivative of j**6/120 + j**5/20 + j**4/8 + j**3/2 - j**2. Let d be 4 + (-2 - -3)*2. Let m = d - 8. Give z(m).
1
Suppose -f + 8 = -0*f. Let l = -5 + f. Let t(j) = -4*j**3 + j**l + 4*j - 2*j + 4*j**3 - 2 + 3*j**2. What is t(-3)?
-8
Let j(f) = 5*f**2 + f - 3. Let v(k) = 11*k**2 + k - 7. Let d(x) = 9*j(x) - 4*v(x). Suppose 0 = 3*o - 8*o + 20. Suppose o*z + 7 = -1. Determine d(z).
-5
Let q be -9*39/(-9)*-2. Let g be 6/21 + q/(-21). Let v(h) = 3*h**2 - 2*h - 5. Let c(i) = 4*i**2 - 2*i - 5. Let y(l) = -2*c(l) + 3*v(l). Give y(g).
3
Let f(q) = -2*q**2 - 3*q - 2. Let m(b) = b**2 + 2*b + 1. Let l(w) = 6*f(w) + 13*m(w). Give l(-6).
-11
Let l(b) be the first derivative of -b**4/2 + b + 11. Suppose -r - 3 = -4*r. Determine l(r).
-1
Let z(j) = -j**2 + 3. Let p be z(3). Let g(o) = 9*o - 3. Let k(q) = -11*q + 4. Let s(c) = 5*g(c) + 4*k(c). Calculate s(p).
-5
Let i(z) be the first derivative of -z**4/4 + 5*z**3/3 + 2*z**2 - 2*z + 1. What is i(5)?
18
Let n(b) = b**2 - 10*b + 4. Let r be n(10). Let d(k) = 2*k**2 - 5*k + 5. Give d(r).
17
Let a be -1 - (-4 - (-2 + 0)). Let g(c) = -2 + a + 0 + 6*c**2. Let b(t) = -t**2. Let j be b(-1). What is g(j)?
5
Suppose 0 = 9*k - 9 - 45. Let w(c) be the third derivative of -1/6*c**3 - 1/24*c**4 - 1/15*c**5 + 3*c**2 + 0*c + 0 + 1/120*c**k. Determine w(4).
-5
Suppose -v - 4*y = 0, 3*v - 7*v + 3*y + 38 = 0. Let g(z) = z**2 - 10*z + 8. Calculate g(v).
-8
Let m = -11 + 15. Let l(s) = 2*s - 3 + 8 - m. What is l(-1)?
-1
Let x be (-4)/(-3) - 6/(-9). Let n(k) = k**3 + 5*k**2 - 7*k + 4. Let d(s) = -5*s**3 - 20*s**2 + 29*s - 17. Let h(t) = x*d(t) + 9*n(t). Give h(4).
-2
Suppose 5*q + 23 = -3*h, -4*h + 2 = -6*h. Let z(n) = -2*n**2 - 5*n + 2. Give z(q).
-10
Let r(m) = 0*m + 1870*m**2 - 1 + m**3 + 0*m - 1869*m**2. Give r(-1).
-1
Suppose -4*v + 18 = -v + 4*a, 4*v = 5*a + 55. Let x = v + -8. Let h(r) = 4*r - 3. What is h(x)?
5
Let x(g) = g - 6. Let h be x(6). Let d(n) = -6 + h - 3*n + 0*n - 2*n**2 + 3. What is d(-2)?
-5
Let x = 10 - 5. Let i(p) = -p - p**2 - x*p + 6*p + p. Suppose 2*z = -z - 6. Give i(z).
-6
Let v(o) = o**3 + 5*o**2 - 7*o - 9. Let d(q) = q**3 - q**2 - 1. Let l(b) = -2*d(b) + v(b). Give l(6).
-13
Let w(y) = -y + 11. Let m be w(9). Let x be (-5 - 1) + m + 0. Let z(b) = -b. Let c(i) = i**2 + 7*i + 6. Let l(j) = -c(j) - 3*z(j). What is l(x)?
-6
Let u(n) be the third derivative of -n**4/24 - 22*n**2. Let k(a) = a**2 + 6*a + 5. Let c be k(-6). Calculate u(c).
-5
Suppose -2*l + 12 = 2*c, 0 = -5*c + 4*l - 4 + 7. Suppose c*s = -2*y - 0 - 8, -14 = -3*y + 2*s. Let o(q) = -4*q - 1. Give o(y).
-9
Let f = 16 - 17. Let q(t) = t**2 + 2*t**2 - 10 - t + 9. Determine q(f).
3
Let c(s) be the second derivative of s